tors of 1366.
2, 683
List the prime factors of 6797.
7, 971
List the prime factors of 4419.
3, 491
What are the prime factors of 4148?
2, 17, 61
List the prime factors of 836.
2, 11, 19
List the prime factors of 5855.
5, 1171
What are the prime factors of 25012?
2, 13, 37
What are the prime factors of 17624?
2, 2203
List the prime factors of 939.
3, 313
List the prime factors of 1445.
5, 17
What are the prime factors of 18205?
5, 11, 331
What are the prime factors of 36559?
36559
List the prime factors of 84828.
2, 3, 7069
What are the prime factors of 15747?
3, 29, 181
What are the prime factors of 610?
2, 5, 61
What are the prime factors of 16893?
3, 1877
List the prime factors of 2043.
3, 227
What are the prime factors of 461?
461
What are the prime factors of 5702?
2, 2851
List the prime factors of 53039.
7, 7577
List the prime factors of 7439.
43, 173
What are the prime factors of 52765?
5, 61, 173
What are the prime factors of 4601?
43, 107
List the prime factors of 84651.
3, 7, 29, 139
What are the prime factors of 2127?
3, 709
What are the prime factors of 6200?
2, 5, 31
What are the prime factors of 6614?
2, 3307
List the prime factors of 21370.
2, 5, 2137
What are the prime factors of 6164?
2, 23, 67
What are the prime factors of 30117?
3, 10039
List the prime factors of 1698.
2, 3, 283
What are the prime factors of 391?
17, 23
What are the prime factors of 360?
2, 3, 5
What are the prime factors of 189?
3, 7
List the prime factors of 1444.
2, 19
What are the prime factors of 1429?
1429
What are the prime factors of 13710?
2, 3, 5, 457
List the prime factors of 3792.
2, 3, 79
List the prime factors of 94883.
239, 397
List the prime factors of 17960.
2, 5, 449
What are the prime factors of 85261?
11, 23, 337
List the prime factors of 49713.
3, 73, 227
List the prime factors of 88343.
23, 167
What are the prime factors of 19495?
5, 7, 557
List the prime factors of 1038.
2, 3, 173
What are the prime factors of 62010?
2, 3, 5, 13, 53
List the prime factors of 1010.
2, 5, 101
What are the prime factors of 3860?
2, 5, 193
List the prime factors of 90718.
2, 67, 677
What are the prime factors of 147278?
2, 211, 349
List the prime factors of 58683.
3, 31, 631
List the prime factors of 31812.
2, 3, 11, 241
What are the prime factors of 202018?
2, 101009
What are the prime factors of 22382?
2, 19, 31
List the prime factors of 3190.
2, 5, 11, 29
What are the prime factors of 2006?
2, 17, 59
List the prime factors of 17947.
131, 137
List the prime factors of 6343.
6343
What are the prime factors of 4269?
3, 1423
List the prime factors of 22715.
5, 7, 11, 59
List the prime factors of 32006.
2, 13, 1231
What are the prime factors of 15515?
5, 29, 107
List the prime factors of 8439.
3, 29, 97
List the prime factors of 26591.
26591
List the prime factors of 12835.
5, 17, 151
What are the prime factors of 53160?
2, 3, 5, 443
List the prime factors of 1907.
1907
What are the prime factors of 48643?
7, 6949
What are the prime factors of 89278?
2, 7, 911
List the prime factors of 263.
263
What are the prime factors of 84590?
2, 5, 11, 769
List the prime factors of 1169.
7, 167
List the prime factors of 11084.
2, 17, 163
List the prime factors of 3300.
2, 3, 5, 11
What are the prime factors of 333?
3, 37
List the prime factors of 18520.
2, 5, 463
List the prime factors of 548.
2, 137
List the prime factors of 4427.
19, 233
List the prime factors of 591.
3, 197
What are the prime factors of 9039?
3, 23, 131
What are the prime factors of 1043?
7, 149
List the prime factors of 985.
5, 197
List the prime factors of 8621.
37, 233
List the prime factors of 11551.
11551
What are the prime factors of 7820?
2, 5, 17, 23
List the prime factors of 2716.
2, 7, 97
What are the prime factors of 1190?
2, 5, 7, 17
What are the prime factors of 1579?
1579
List the prime factors of 9693.
3, 359
List the prime factors of 1779.
3, 593
List the prime factors of 1288.
2, 7, 23
What are the prime factors of 4142?
2, 19, 109
List the prime factors of 826.
2, 7, 59
List the prime factors of 36856.
2, 17, 271
What are the prime factors of 55329?
3, 18443
List the prime factors of 3824.
2, 239
List the prime factors of 9447.
3, 47, 67
What are the prime factors of 1739?
37, 47
List the prime factors of 80798.
2, 71, 569
What are the prime factors of 68222?
2, 7, 11, 443
What are the prime factors of 1895?
5, 379
List the prime factors of 163472.
2, 17, 601
List the prime factors of 418.
2, 11, 19
List the prime factors of 1792.
2, 7
What are the prime factors of 927?
3, 103
List the prime factors of 849.
3, 283
What are the prime factors of 23746?
2, 31, 383
What are the prime factors of 21085?
5, 4217
What are the prime factors of 6802?
2, 19, 179
What are the prime factors of 3123?
3, 347
List the prime factors of 7788.
2, 3, 11, 59
List the prime factors of 3190.
2, 5, 11, 29
List the prime factors of 141922.
2, 11, 6451
What are the prime factors of 3559?
3559
List the prime factors of 2879.
2879
List the prime factors of 49149.
3, 43, 127
List the prime factors of 69375.
3, 5, 37
List the prime factors of 3421.
11, 311
List the prime factors of 797.
797
What are the prime factors of 55336?
2, 6917
List the prime factors of 2574.
2, 3, 11, 13
List the prime factors of 258.
2, 3, 43
List the prime factors of 36369.
3, 449
What are the prime factors of 16236?
2, 3, 11, 41
List the prime factors of 3576.
2, 3, 149
What are the prime factors of 57342?
2, 3, 19, 503
What are the prime factors of 3000?
2, 3, 5
List the prime factors of 1439.
1439
What are the prime factors of 7723?
7723
List the prime factors of 1589.
7, 227
List the prime factors of 15173.
15173
What are the prime factors of 10587?
3, 3529
What are the prime factors of 8480?
2, 5, 53
List the prime factors of 33074.
2, 23, 719
What are the prime factors of 1653?
3, 19, 29
What are the prime factors of 29472?
2, 3, 307
What are the prime factors of 30493?
30493
List the prime factors of 88350.
2, 3, 5, 19, 31
List the prime factors of 5424.
2, 3, 113
List the prime factors of 5059.
5059
What are the prime factors of 23194?
2, 11597
List the prime factors of 9562.
2, 7, 683
List the prime factors of 51564.
2, 3, 4297
What are the prime factors of 519?
3, 173
List the prime factors of 9892.
2, 2473
List the prime factors of 565.
5, 113
What are the prime factors of 9631?
9631
List the prime factors of 99314.
2, 17, 23, 127
List the prime factors of 2793.
3, 7, 19
List the prime factors of 8224.
2, 257
List the prime factors of 4769.
19, 251
What are the prime factors of 203?
7, 29
What are the prime factors of 13869?
3, 23, 67
What are the prime factors of 534?
2, 3, 89
What are the prime factors of 2234?
2, 1117
What are the prime factors of 162348?
2, 3, 83, 163
List the prime factors of 15975.
3, 5, 71
List the prime factors of 16290.
2, 3, 5, 181
List the prime factors of 18127.
18127
What are the prime factors of 1085?
5, 7, 31
What are the prime factors of 5161?
13, 397
What are the prime factors of 1486?
2, 743
List the prime factors of 1662.
2, 3, 277
List the prime factors of 1709.
1709
What are the prime factors of 168422?
2, 84211
What are the prime factors of 1126?
2, 563
List the prime factors of 34148.
2, 8537
What are the prime factors of 6358?
2, 11, 17
List the prime factors of 79670.
2, 5, 31, 257
What are the prime factors of 16875?
3, 5
What are the prime factors of 99911?
7, 2039
What are the prime factors of 1049?
1049
List the prime factors of 54173.
7, 71, 109
List the prime factors of 1869.
3, 7, 89
What are the prime factors of 27118?
2, 7, 13, 149
List the prime factors of 49942.
2, 24971
What are the prime factors of 1443?
3, 13, 37
List the prime factors of 1238.
2, 619
What are the prime factors of 5015?
5, 17, 59
What are the prime factors of 23712?
2, 3, 13, 19
List the prime factors of 674.
2, 337
List the prime factors of 18663.
3, 6221
What are the prime factors of 506?
2, 11, 23
What are the prime factors of 4495?
5, 29, 31
List the prime factors of 929.
929
What are the prime factors of 556?
2, 139
What are the prime factors of 2017?
2017
What are the prime factors of 34409?
19, 1811
List the prime factors of 39512.
2, 11, 449
What are the prime factors of 49047?
3, 16349
What